 = -5*t + 25, 1 = c + t - 2*t. Let r be ((-28)/3)/((-6)/27). What is the greatest common factor of r and c?
6
Suppose 5*w - 22 = -3*k - 0*w, 3*w - 6 = 0. Suppose r + 5*c - 13 = 3*r, r - 2*c = -k. Suppose -2*u + u + r = 0. What is the highest common divisor of u and 12?
6
Suppose 4*a + 83 = -5*m, 0*m = -5*m - 5*a - 80. Let g = 31 + m. Calculate the highest common factor of g and 3.
3
Suppose -z - 3*l + 57 = 0, -l = 3*z - 144 - 43. What is the highest common divisor of z and 9?
9
Suppose 0 = -3*h + 2*b + 31, 3*b - 60 = -5*h - 2*b. Suppose -4*g + 223 = 6*p - 3*p, 156 = 2*p - g. Calculate the greatest common divisor of h and p.
11
Suppose 0 = 4*h - 5*g - 27, 2*h - 40 - 11 = -5*g. What is the greatest common factor of 91 and h?
13
Suppose 4*d - 3*h - 83 = -6*h, -4*d + h + 63 = 0. Let s = d - 3. Let y = 122 - 52. What is the highest common factor of y and s?
14
Let f = 0 - 0. Let k(h) = h**2 - h + 36. Let d be k(f). Calculate the greatest common divisor of 4 and d.
4
Let q(x) = x. Let r be q(3). What is the highest common divisor of 15 and r?
3
Let h be -66*(-2 + (-24)/18). What is the greatest common factor of 44 and h?
44
Let s = 7 + -17. Let g be 3 + -1*6*s. Calculate the greatest common factor of 42 and g.
21
Let a = 151 + -101. Calculate the highest common factor of 200 and a.
50
Let y be (4*-4)/(-4) + 10 - 2. What is the highest common divisor of 132 and y?
12
Let a be ((-1)/(-2))/(6/60). Let f = 16 - a. Calculate the highest common divisor of 44 and f.
11
Suppose b = -581 + 590. Let s(f) = f**2 + 3*f. Let n be s(-3). Suppose n*u + 18 = 2*u. What is the highest common divisor of u and b?
9
Suppose -5*i + 44 + 166 = 0. Let z(h) = 8*h - 4. Let j be z(4). Calculate the highest common divisor of i and j.
14
Suppose 2*l = 3*l - 37. Suppose -t = -43 - l. What is the greatest common factor of t and 16?
16
Suppose -5*d + 472 + 128 = 5*p, 5*p - 2*d = 600. Calculate the highest common divisor of p and 15.
15
Suppose -2*z + 13 = -9. Calculate the highest common divisor of z and 99.
11
Let b be 3/(-2) - (-43)/2. Let p be -3 + (-3 - -6) - 197. Let j = p + 297. Calculate the highest common divisor of b and j.
20
Let x = 9 - 5. Let u(n) = x*n**2 + 1 + 0 - n**2 - 4*n. Let y be u(3). Calculate the highest common divisor of 2 and y.
2
Let q be 4 + (-2)/(-4)*-2. Suppose q*l = 60 + 60. What is the greatest common divisor of l and 10?
10
Suppose 0 = 3*i + 4*z - 2*z - 26, -46 = -4*i + 3*z. Suppose -2*d - 5*v + 0*v = -31, 5*d = 5*v - i. Calculate the highest common factor of d and 21.
3
Let a = 654 - 384. Calculate the greatest common factor of 54 and a.
54
Suppose 4*s - 29 - 151 = 0. Let z = s - -27. Calculate the highest common divisor of z and 8.
8
Let g be (-3)/7 + (-6)/42*-745. What is the greatest common divisor of g and 159?
53
Suppose -2*n + 10 = -4. Calculate the greatest common divisor of n and 77.
7
Suppose -2*r + 12 = z + r, -4*z + 48 = 5*r. What is the highest common factor of 24 and z?
12
Suppose 6*b - 40 = -4*f + 4*b, 0 = -2*f - 5*b + 36. Let v be 9/2*112/21. What is the highest common factor of f and v?
8
Suppose -11*r - 21 = -12*r. Suppose 7*o = 4*o - 12. Let y be (o/6)/((-4)/18). What is the highest common factor of y and r?
3
Let d = 2 - 3. Let m be (d/3)/(3/9). Let n be 65/1*(0 - m). Calculate the greatest common divisor of 26 and n.
13
Let k(n) = 5*n**2 + 2*n + 1. Let d be k(-1). Suppose -d*x + 12 = -16. What is the greatest common factor of x and 77?
7
Suppose -3*u + 47 = 4*y, 61 = -0*u + 5*u - 2*y. What is the greatest common divisor of u and 143?
13
Suppose p = -5*h + 6*p, -4*h + 20 = p. What is the greatest common divisor of h and 6?
2
Let n(m) = -35*m - 3. Let l be n(-2). Suppose 4*s - 5*t - 77 = 0, -2*t - t - l = -4*s. Calculate the highest common factor of s and 104.
13
Let u be (-1)/4 + (-74)/(-8). Suppose -5*p = -5*k + 70, 3*k = 4*k + 5*p + 4. Suppose -z - k = -38. Calculate the greatest common factor of z and u.
9
Let b be 1/(-6) + (-921)/(-18). Suppose 5*g - 138 = 4*j, 2*g + j - b = 4*j. Calculate the highest common divisor of g and 12.
6
Let o(z) = -z**3 - 4*z**2 - 4*z + 4. Let q be o(-6). Suppose 2*s - 95 = -15. What is the greatest common factor of q and s?
20
Let a(m) = 2*m**2 - 1. Let d be ((-28)/(-35))/((-4)/10). Let u be a(d). What is the greatest common factor of u and 7?
7
Suppose -m - 3*m = -24. Let s(a) be the second derivative of 49*a**5/20 - a**4/6 + a**3/6 + 2*a. Let c be s(1). What is the greatest common factor of m and c?
6
Suppose -3*b - 2*b + 50 = 0. Let w be (-37)/(-5) - (-6)/b. What is the greatest common factor of 2 and w?
2
Let p(q) = 2*q**2 + 7*q - 1. Let g be p(-5). What is the greatest common divisor of g and 7?
7
Let y = 4 + 3. Let p(d) = d + 3. Let r be p(y). Calculate the highest common factor of 30 and r.
10
Let t(n) = n**3 - 6*n**2 - 8*n - 4. Suppose 2*v - 5 = 11. Let p be t(v). Let k = 23 - 8. Calculate the greatest common divisor of k and p.
15
Suppose 0 = -5*u - 20, 0 = -f + 2*f + 2*u - 56. Calculate the highest common factor of 32 and f.
32
Let h(p) = p**3 + 9*p**2 + 8*p - 2. Let x be h(-7). Suppose -8*n = -3*n + 3*f - 93, -4*f = 2*n - x. What is the highest common divisor of 27 and n?
9
Let r be ((-16)/6)/(((-20)/(-102))/(-5)). Calculate the highest common divisor of r and 17.
17
Let w(g) = -g + 15. Let h be w(3). What is the greatest common factor of 6 and h?
6
Suppose -4*c = -12, 0 = -2*y - 0*c - 4*c + 50. What is the highest common factor of y and 171?
19
Let h = 668 + -324. Suppose -4*x + 232 + h = 0. Suppose 0 = -3*s - 42 + x. What is the highest common factor of 51 and s?
17
Let p(g) = -g**2 + 8*g + 9. Let r be p(7). Suppose -r + 5 = -b. What is the greatest common divisor of b and 77?
11
Suppose -11*p + 30 = 19. Suppose 4*s = 4*w - 20, w - 4*s + 29 = 4*w. What is the highest common factor of p and w?
1
Let p(b) = 12*b - 3. Let i be p(2). Let a(d) = -d**3 + 11*d**2 - 6*d - 3. Let c be a(9). Let u = c - i. What is the greatest common divisor of 12 and u?
12
Let t be (4/(-3))/(2/(-3)). Let o be (18/21)/((-1)/(-7)). What is the greatest common factor of o and t?
2
Let u be (119 - 5) + (2 - 4). Calculate the greatest common divisor of 14 and u.
14
Suppose -4*d = d. Suppose d = -m + 6. What is the highest common divisor of 12 and m?
6
Suppose 0*f - 40 = 2*f. Let w be (-5)/f + 351/4. What is the highest common divisor of w and 11?
11
Let q(l) = l**2 - 4*l - 3. Let o be q(9). Calculate the greatest common factor of 63 and o.
21
Let y = -48 - -63. What is the highest common factor of y and 6?
3
Let p = -22 + 7. Let j = -9 - p. Suppose -2*c + 30 = -66. What is the highest common factor of j and c?
6
Let p = 333 + -231. Suppose -p = -2*m + 178. Let z = -100 + m. Calculate the highest common factor of 16 and z.
8
Suppose -4*g = g - 2*x - 9, 0 = 2*g + 4*x + 6. Let s be ((-3)/4)/((-2)/(-24)). Let d = g - s. What is the greatest common factor of d and 5?
5
Let h be (2/5)/((-5)/(-50)). Let l = -6 + h. Let g be (56/l)/((-4)/8). What is the highest common factor of g and 7?
7
Suppose k - 5*p = -3*k + 252, 4*k - 2*p = 252. Calculate the highest common divisor of k and 7.
7
Let l = 32 - 6. Suppose 0 = 5*r - 3*z - 319, 42 + 96 = 2*r + 4*z. What is the greatest common factor of l and r?
13
Let h(w) = -w - 4. Let j be h(-2). Let f(q) = -2*q**3 - 4*q**2 - 2*q. Let l be f(j). Calculate the highest common factor of 8 and l.
4
Let q = -3 + 5. Suppose -q*p - 12 = b, 5*b + p + 9 + 6 = 0. Let x be 35 + (0 - b - 2). Calculate the greatest common divisor of x and 7.
7
Let i(h) = -h**3 - 2*h**2 + 2*h - 3. Let g be i(-3). Let y = 9 - g. Let w(p) = 2*p**3 - 2*p + 1. Let l be w(1). Calculate the highest common factor of l and y.
1
Suppose 2*n = 6, 5*z + 117 = n - 196. Let l = z - -90. What is the greatest common factor of 4 and l?
4
Let g(l) = -l**3 - 6*l**2 - 14*l + 9. Let k be g(-4). Calculate the greatest common factor of 22 and k.
11
Suppose 3*o - 26 - 1 = 0. What is the highest common factor of o and 27?
9
Suppose f + 30 = -2*f. Let c(w) = -w**2 - 10*w + 12. Let k be c(f). What is the greatest common divisor of k and 24?
12
Let i = -44 + 48. Calculate the highest common factor of i and 4.
4
Suppose 3*o - 31 = -3*t - 4, -30 = -2*o + 4*t. Let g be 2 + -1 + (1 - -1). Suppose 0 = g*v - 4*v + 33. Calculate the greatest comm